7*a - 266. What are the prime factors of z(19)?
3, 5, 7, 19
Suppose -4*m - 5*n = -6484, 5*m + 0*n - 8105 = 3*n. Suppose 0 = 3*t + 4*d - m + 267, 880 = 2*t - 3*d. List the prime factors of t.
2, 223
Let o = -10 + 5. Let f(k) = k**2 + 0*k**2 + 2*k**2 + 2 - 27 - k - k**2. What are the prime factors of f(o)?
2, 3, 5
Let c be -11 - -13 - (-327)/(-2)*-2. Suppose c + 611 = 5*m. Suppose 23*u - 27*u = -m. What are the prime factors of u?
47
Let r(k) = k**3 + 4*k**2 - 8*k - 6. Let i be r(-7). Let g = 357 + i. What are the prime factors of g?
2, 5, 13
Let b(l) = -l**3 + 14*l**2 + 24*l - 8. Let a = -160 - -173. List the prime factors of b(a).
11, 43
Suppose -4*l = -6*l + a + 8, 29 = 5*l + 2*a. Let b(x) be the second derivative of x**4/4 - x**3 + 13*x**2/2 - 340*x. What are the prime factors of b(l)?
2, 29
Suppose -3*w - 73 = 2*s - 249, -440 = -5*s - w. Let k be 205/(-20)*10*40/(-25). Suppose 4*n - k = -4*v, n + n - v = s. List the prime factors of n.
43
Suppose 16620*c - 7419 = 16617*c. List the prime factors of c.
2473
Suppose 2*a + 10*l = 14*l + 10296, -20592 = -4*a - 4*l. List the prime factors of a.
2, 3, 11, 13
Let s be (-557)/(-2) - (-1)/2. Let q = -2119 + 2119. Suppose -2*d - d + s = q. What are the prime factors of d?
3, 31
Let z = 13716 - 8033. List the prime factors of z.
5683
Let w(x) be the first derivative of x**5/20 + 5*x**4/4 + 9*x**3 - 17. Let n(o) be the third derivative of w(o). What are the prime factors of n(6)?
2, 3, 11
Suppose 0 = 2*x - z - 1664, x + 4*x + 3*z - 4160 = 0. Suppose -x*y = -825*y - 8050. List the prime factors of y.
2, 5, 23
Let x = -479 - -511. Suppose -2*s + 3*i + 62 = -9, -3*s + 79 = i. Suppose s*q = x*q - 432. List the prime factors of q.
2, 3
List the prime factors of 4 + 77551/5 + 2/(-10).
2, 7757
Suppose -66*q + 70*q = 20. Suppose -q*s + 12*h = 10*h - 8, h + 9 = 5*s. List the prime factors of s.
2
Suppose 3*k - 49 = -5*n - 14, -3*k - n = -19. Suppose 4*t = l + 703, k*t - 589 = l + 291. What are the prime factors of t?
3, 59
Let o = -323 - -315. Let f = 132 - o. List the prime factors of f.
2, 5, 7
Suppose -17*g - g + 29030 = -37930. What are the prime factors of g?
2, 3, 5, 31
Suppose 465*v - 1029870 = 370*v + 744540. List the prime factors of v.
2, 3, 11, 283
Suppose 5*c - 5*q - 85 = 30, 0 = c + 5*q - 5. Let x = 16 - c. What are the prime factors of 1/(2*x/(-328))?
41
Let l = -140 + 126. Let c(o) = -o**3 - 11*o**2 + 18*o - 20. What are the prime factors of c(l)?
2, 79
Suppose -14*b + 4*b = -6630. Let a = -547 + b. List the prime factors of a.
2, 29
Let t = 34744 + -17612. What are the prime factors of t?
2, 4283
Let i be (-18)/12*(102 + -40). Let h = -49 + 26. List the prime factors of 23 + h + (1 - i).
2, 47
Suppose 16 = 18*c - 14*c. Suppose 0*x - c*l - 37 = -3*x, x - 3*l = 19. Suppose -4*z - 81 = -x*z. List the prime factors of z.
3
Let s(r) = 140*r**2 + 309*r + 5. List the prime factors of s(-6).
3191
Let f be ((-4)/(-3))/(30/45). Suppose -2*l - 77 = -3*m + 356, -l = -f*m + 287. What are the prime factors of m?
3, 47
Suppose 0 = -26*m + 30*m - 16. Let i(v) = -v**3 + 3*v**2 + 6*v - 6. Let u be i(m). Suppose u*k + 3*b - 192 = -b, -3*k + 281 = -b. List the prime factors of k.
2, 47
Let m be (-31910)/(-55) - 6/33. Let h = m + -371. List the prime factors of h.
11, 19
Suppose 28*s - 1644 = 8660. Let n = s - -205. List the prime factors of n.
3, 191
Let a be (-95)/(-38)*((-1)/(-1) - -1). Suppose -2*t + 926 = 3*v, 2*t + a*v = 9*v + 940. What are the prime factors of t?
2, 233
Suppose -4*k + 270 = 30. What are the prime factors of 45/k*2312/6?
17
List the prime factors of 3 - ((-2126)/6 + 1)*15.
5303
Let q = -5848 - -10450. List the prime factors of q.
2, 3, 13, 59
Let y(s) = 9*s**3 - 56*s**2 + 62*s + 8. List the prime factors of y(13).
7, 227
Let s = 12291 - 2305. List the prime factors of s.
2, 4993
Let s be -3*1 - (31 + -1)/(-5). Let t(r) = 12 + r**3 + 7*r + r - s*r + 10*r**2 + 8. What are the prime factors of t(-9)?
2, 7
Let b(a) = 117*a**2 - 13*a - 23. Let p be b(-2). Suppose p*k - 13923 = 462*k. What are the prime factors of k?
7, 13, 17
Let c(f) = -4136*f + 1414. List the prime factors of c(-5).
2, 11047
Suppose -30*g = 4*j - 32*g - 82668, -2*j + 2*g = -41326. List the prime factors of j.
7, 2953
What are the prime factors of 11 + 0 - (-1308324)/186?
5, 1409
Let q be 3 + (-5)/(-5) + 0. Let k be -5*(-4 - 0)/q. Suppose -43 = -u + k*m, -4*u + 250 = -3*m + 27. What are the prime factors of u?
2, 29
Let a(t) = 2*t**2 - 19*t - 24. Let l be 15 - ((-45)/30)/((-2)/4). Let x be a(l). Suppose 6*h = -3*h + x. List the prime factors of h.
2
Let m = 716 - -377. What are the prime factors of m?
1093
Let p = 22752 + -15643. What are the prime factors of p?
7109
Let w(i) = -i**2 + 4*i - 12. Suppose 0 = 3*s + s + 40. Let f be w(s). Let d = 302 + f. What are the prime factors of d?
2, 3, 5
Let m = -280 - -1841. Let y = m - 785. What are the prime factors of y?
2, 97
Suppose 0 = -3*v - 3*t - 18, v + 3*v = -5*t - 25. Let w be (-7)/v - -1 - 6/15. Let g(s) = 63*s - 6. What are the prime factors of g(w)?
2, 3, 5
List the prime factors of 0 + (-7 - (6 - 7675)).
2, 3, 1277
Let j(g) = 29*g**2 + 81*g + 37. List the prime factors of j(15).
7, 11, 101
Suppose 2*h = 5*h + 7*h - 62850. What are the prime factors of h?
3, 5, 419
Suppose -148*b - 4*c = -151*b + 26320, -2*b + 3*c = -17545. What are the prime factors of b?
2, 5, 439
Let s(c) = -6*c**3 + 17*c**2 - 72*c - 198. List the prime factors of s(-12).
2, 3, 7, 107
Let z = -48 + 84. Let p be (60/z)/((-2)/(-42)). List the prime factors of (-84)/p*(-160)/6.
2
Let u be ((-35)/21)/((-2)/(-72)). Suppose 2*o - 5*y = 3 - 154, 2*o = -2*y - 144. Let m = u - o. What are the prime factors of m?
13
Let z be (-24 + 23)*(1 + -3). Suppose -271 = 3*n - z*n. Let m = -158 - n. What are the prime factors of m?
113
Let y(k) = k**3 - 24*k**2 - 62*k - 17. Let a be y(27). Let m = a - 208. What are the prime factors of m?
2, 3
Let p = 831 - -330. What are the prime factors of p?
3, 43
Let h(y) = -y + 8. Let p be h(-10). Let c be ((-38)/6 + -3)*p/(-7). List the prime factors of ((-15)/(-4))/((-63)/c - -3).
2, 5
List the prime factors of (-3 - -9) + 41849/5 + 33/165.
2, 3, 349
Let r = 21347 + -14693. What are the prime factors of r?
2, 3, 1109
Let x(y) = -y**2 - 2*y + 2. Let w be x(0). Suppose 7*c - 1500 = w*c. What are the prime factors of c?
2, 3, 5
Let q(i) = -26*i - 8. Suppose -2*w = -6*w - 4*a - 40, 5*a + 2 = 3*w. Let b(c) = 27*c + 7. Let f(s) = w*q(s) - 7*b(s). List the prime factors of f(-2).
5, 13
Suppose -5*i + 7*i = -3*x + 607, -i = -x + 199. List the prime factors of x.
3, 67
Let f be (6/1)/(81/297). Suppose 0 = -f*m + 26*m - 16, -3*v - 5*m + 1955 = 0. What are the prime factors of v?
3, 5, 43
Let w = -1825 + 5244. Suppose -4*j + w + 1137 = 0. List the prime factors of j.
17, 67
Suppose 0 = 14*n - 82 + 222. List the prime factors of n/(-15)*(-531)/(-2).
3, 59
Suppose 9*z + 5 = -4. What are the prime factors of (-1504)/(-2) + (z - -10)?
761
Let f = 6026 - 1225. List the prime factors of f.
4801
What are the prime factors of (-48)/(-384)*(-1 + 12825)?
7, 229
Suppose 7*l - 2*l - 48286 = 4*g, -5*l - 3*g = -48328. List the prime factors of l.
2, 4831
Suppose 3*b - 2*j = 30, 2*j = 2*b - b - 6. Suppose -8*u = -34*u + 78. Suppose -3 = u*q - b. List the prime factors of q.
3
Suppose 671*p = 583*p + 1374786 + 1302262. What are the prime factors of p?
29, 1049
Suppose -228 = -49*r + 11*r. List the prime factors of 39508/51 - (-2)/r.
5, 31
Let x(g) = -7103*g - 440. What are the prime factors of x(-1)?
3, 2221
Suppose -17 = -5*c + v + 7, -2*v + 27 = 5*c. Suppose -c*j - 3*z = 0, -5*j + 8*z = 3*z. What are the prime factors of 2532/24 + (-1)/(-2) + j?
2, 53
Suppose 0 = 5*j - 741 - 399. Suppose 3*z - 7*z - 2*n + 616 = 0, -172 = -z + 4*n. Let b = j - z. What are the prime factors of b?
2, 3
Suppose 4*g = 10*k - 9*k + 7, g = 3*k - 1. What are the prime factors of 132/k + 2 + -5?
3, 43
Suppose -4*v + 9 = n - 7, 4*n + 20 = 5*v. Suppose v*i + 10 = 5*i. Suppose i*q = 3*q + 105. List the prime factors of q.
3, 5
Suppose p = -5*g - 1 - 8, 0 = -4*g - 20. Let t(k) = -11*k**2 + 3*k + 29. Let v be t(p). What are the prime factors of v/(-17) + (0 - 2/17)?
7, 23
Let l(u) = 2*u**2 - 38*u + 11. Let a be l(17). What are the prime f